d701
In base 10, what is -1705 - -3673?
1968
In base 14, what is -5 + -1c4076?
-1c407b
In base 2, what is -101 + 11011000111111101010001001?
11011000111111101010000100
In base 13, what is -628c78b + 4?
-628c787
In base 2, what is 1101110010 - -10000010001101?
10001111111111
In base 15, what is 36 + 52db8?
52dee
In base 4, what is 110 - -1002020021?
1002020131
In base 8, what is -66516 + -21?
-66537
In base 4, what is 3 - -2222302310131?
2222302310200
In base 15, what is -1ab + -38687?
-38843
In base 8, what is 13671405 + -2?
13671403
In base 14, what is 3 - 5b4373a?
-5b43737
In base 11, what is 145 + -12336?
-121a1
In base 9, what is 318366 + -584?
317672
In base 6, what is 1045512352 + -3?
1045512345
In base 8, what is 5733 + 26601?
34534
In base 7, what is 1442 + -1420132?
-1415360
In base 5, what is 221 + -13312422?
-13312201
In base 11, what is 1747754 + 13?
1747767
In base 11, what is -6008 + -1010?
-7018
In base 5, what is -22 - 314042111?
-314042133
In base 2, what is -100 - -10111001011000111101010?
10111001011000111100110
In base 6, what is -1435010 + -12342?
-1451352
In base 6, what is -1 - -1032324043?
1032324042
In base 11, what is -87 - -7aa?
723
In base 10, what is -101 - 5019252?
-5019353
In base 14, what is d - 136d297?
-136d288
In base 12, what is -325a8b25 + 1?
-325a8b24
In base 12, what is -1 + 1026468?
1026467
In base 5, what is -1041404403 + -330?
-1041410233
In base 16, what is 124 + 28cbb?
28ddf
In base 15, what is 62ae - 7ac?
5a02
In base 16, what is -4caa - -7206?
255c
In base 8, what is 120 - 14524?
-14404
In base 2, what is 1110101010110100111000 + 101?
1110101010110100111101
In base 16, what is -fb - 157?
-252
In base 11, what is -125aa590 - -1a?
-125aa571
In base 5, what is 10 + 222333011?
222333021
In base 7, what is 30361264 + 1?
30361265
In base 13, what is -5 - -21a52856?
21a52851
In base 5, what is -3420 + -314042?
-323012
In base 5, what is 4 + -121430030240?
-121430030231
In base 9, what is 326 + -45413?
-45076
In base 6, what is 315 - -5404210?
5404525
In base 15, what is -1 + 49815d?
49815c
In base 5, what is -1124044 + -1010312?
-2134411
In base 9, what is -328561 - -185?
-328365
In base 10, what is -8 + -63246568?
-63246576
In base 9, what is 1881 - -15076?
17067
In base 3, what is 1100 + 1120101220210?
1120101222010
In base 7, what is -131243134254 - -2?
-131243134252
In base 2, what is -11000101010011010011 - -1101111?
-11000101010001100100
In base 10, what is 717 + -15626?
-14909
In base 14, what is -41c25406 - -5?
-41c25401
In base 2, what is 100 + -11011100011001100010010?
-11011100011001100001110
In base 2, what is 11110001001110110001011000111 - -11?
11110001001110110001011001010
In base 15, what is 241 + 4d55d?
4d79e
In base 12, what is aa2197 - -17?
aa21b2
In base 4, what is -1032 + -11020321?
-11022013
In base 4, what is -11 - 13303233001023?
-13303233001100
In base 15, what is 4e936 - d?
4e928
In base 6, what is -24414435 - 401?
-24415240
In base 14, what is 732 - 5cc07?
-5c4b5
In base 6, what is -202533 + 35312?
-123221
In base 2, what is 110000 - 11011001010111?
-11011000100111
In base 11, what is -a - 71251632?
-71251641
In base 10, what is 5397105 + -8?
5397097
In base 2, what is 1101001011100 + -101110001010001?
-100000111110101
In base 5, what is 14133034 - -31244?
14214333
In base 12, what is -231 + 1088b98?
1088967
In base 11, what is 0 + -4174692?
-4174692
In base 2, what is -1101000 + 1111000101011111001?
1111000101010010001
In base 15, what is -141e6e9 - 0?
-141e6e9
In base 6, what is 1514503 - -203504?
2122411
In base 12, what is -a456b11 + 6?
-a456b07
In base 2, what is 1010101 + 1100010101111101011111?
1100010101111110110100
In base 10, what is 58452 - -64?
58516
In base 2, what is -10111001000000000111110010 - -100?
-10111001000000000111101110
In base 3, what is -200100220021 - 211110?
-200101201201
In base 12, what is -31b864a3 - -3?
-31b864a0
In base 6, what is -5504 + -44022?
-53530
In base 15, what is 149 + -11862d?
-1184d4
In base 16, what is -1224a94 - 4?
-1224a98
In base 4, what is -312333021111 - 10?
-312333021121
In base 5, what is -2 - 103334104?
-103334111
In base 12, what is 65848b - -3?
658492
In base 10, what is 264 + -40373?
-40109
In base 7, what is 50 - -1136256?
1136336
In base 5, what is -1034402100 - -120?
-1034401430
In base 2, what is 101101101111010101110 + -10111100?
101101101110111110010
In base 14, what is -b49da + 2ca?
-b4710
In base 7, what is -11113442 - 2?
-11113444
In base 4, what is 113113232200 + 2?
113113232202
In base 8, what is 42531150 - -4?
42531154
In base 7, what is -6166530 - 52?
-6166612
In base 8, what is -3546215 - 24?
-3546241
In base 5, what is 132400324034 - 0?
132400324034
In base 3, what is -1120212211110012000 - 10?
-1120212211110012010
In base 7, what is -63021056 - 100?
-63021156
In base 11, what is -5 + -2412668?
-2412672
In base 12, what is -16363a + 41?
-1635b9
In base 3, what is 220112102002 + 10000112?
220122102121
In base 5, what is -2 - -4203413?
4203411
In base 12, what is 48ab + -3ba?
44b1
In base 7, what is 16356205 - 442?
16355433
In base 6, what is -1051154535 + 2?
-1051154533
In base 2, what is 10010110111001101111 - -110110?
10010110111010100101
In base 9, what is 10564234 + -70?
10564154
In base 12, what is 166 - 19b4b?
-199a5
In base 9, what is 330261 + 177?
330448
In base 15, what is 0 - 15d0878?
-15d0878
In base 7, what is -4410622 + 16?
-4410603
In base 3, what is 12021 + 120211?
210002
In base 9, what is 0 - 62055653?
-62055653
In base 10, what is 29070 + -1226?
27844
In base 9, what is -66182 + 1505?
-64576
In base 5, what is 21332401 - 43?
21332303
In base 15, what is 2c5 + -bbeba?
-bbbe5
In base 14, what is 4 - -22927d2?
22927d6
In base 12, what is -2 + -22638?
-2263a
In base 15, what is -1ad - bddc4?
-be082
In base 6, what is 10035204242 + -2?
10035204240
In base 4, what is 2012210102202 + -2?
2012210102200
In base 4, what is 113011001 + 1213?
113012220
In base 12, what is 161ba + -b4?
16106
In base 15, what is -2208 + -355?
-255d
In base 14, what is 5522d - -2b?
5525a
In base 7, what is 65 - -11206453?
11206551
In base 14, what is b74d35 + 7?
b74d3c
In base 15, what is 45 - -a919a?
a91e0
In base 15, what is -13e0b36 - 0?
-13e0b36
In base 9, what is 0 + -3403006?
-3403006
In base 10, what is -12 - -3730510?
3730498
In base 2, what is 10001011001 - -100110000100111?
101000010000000
In base 5, what is -44144112011 - 0?
-44144112011
In base 3, what is 2212210001 + 11211?
2212221212
In base 16, what is -91 - -5139d?
5130c
In base 5, what is 2320121333 - -1?
2320121334
In base 5, what is 213132 + -104203?
103424
In base 10, what is -59890 + -2020?
-61910
In base 6, what is 2314501243 + 4?
2314501251
In base 5, what is -11 + -331042140?
-331042201
In base 15, what is -5199296e - 4?
-51992973
In base 2, what is 1001111101 + -1000000110101010?
-111111100101101
In base 6, what is 1332 - -15223003?
15224335
In base 5, what is -12013130 - 3023?
-12021203
In base 4, what is 11 + 220231211?
220231222
In base 12, what is 5051a8 - 17?
505191
In base 8, what is -21 - -236777263?
236777242
In base 8, what is 63711 + -536?
63153
In base 9, what is -1415 - 120063?
-121478
In base 16, what is -1d4ded - -12?
-1d4ddb
In base 3, what is -2211010110111 + -1?
-2211010110112
In base 14, what is 3 + -96c251?
-96c24c
In base 4, what is -210032 + -10310110?
-11120202
In base 11, what is 33640 - -212?
33852
In base 2, what is 1010001110110 + -100001000100?
110000110010
In base 15, what is -980e + 19?
-97e5
In base 6, what is -352 + -1211141?
-1211533
In base 6, what is 15234205 - -50?
15234255
In base 7, what is 15 - -65306202?
65306220
In base 16, what is 6a92 - -9b6?
7448
In base 3, what is 121000020 - 21220?
120201100
In base 10, what is 253448 + -786?
252662
In base 6, what is -14215503 + 12?
-14215451
In base 12, what is 205696a9 + 0?
205696a9
In base 9, what is -48704082 - 3?
-48704085
In base 11, what is 4 + -a00581a?
-a005816
In base 6, what is 413 + -434312234?
-434311421
In base 15, what is 68021 - -7?
68028
In base 14, what is 11b109 + c0?
11b1c9
In base 12, what is -300 + -8238?
-8538
In base 14, what is 6 + 492400?
492406
In base 11, what is -a3638908 - -3?
-a3638905
In base 10, what is -305 + -40671?
-40976
In base